(11).
-8
Let n(l) = 6*l**2 + 31*l - 58. Determine n(2).
28
Let j(t) = -t**3 + 10*t**2 + 40*t - 12. Determine j(13).
1
Let w(l) = -4*l**2 - 34*l + 176. What is w(5)?
-94
Let f(v) = 3*v**2 + 79*v - 4. Calculate f(0).
-4
Let r(l) = -l**3 + 16*l**2 + 145*l - 2424. Determine r(14).
-2
Let w(c) = c**3 - 62*c**2 + 141*c - 1277. Calculate w(60).
-17
Let r(g) = 47*g - 3209. Determine r(62).
-295
Let j(g) = 3*g**3 - 9*g**2 - 10*g + 26. What is j(4)?
34
Let v(g) = -30*g - 299. Determine v(-4).
-179
Let s(j) = -j**3 - 37*j**2 + 33*j + 25. What is s(-38)?
215
Let w(c) = c**3 - 47*c**2 + 334*c - 168. Give w(8).
8
Let f(s) = 93*s - 7633. Give f(82).
-7
Let r(i) = i**2 - 130*i - 3689. Calculate r(-24).
7
Let f(v) = 3*v**2 - 45*v + 203. Calculate f(9).
41
Let d(n) = -2*n**3 - 171*n**2 - 42*n + 3675. What is d(-85)?
20
Let v(u) = 3*u**2 + 548*u + 549. Calculate v(-1).
4
Let a(n) = 46*n + 1197. Determine a(-26).
1
Let b(j) = -177*j + 11798. Give b(67).
-61
Let c(r) = r**3 - 73*r**2 + 4*r - 248. Calculate c(73).
44
Let u(m) = -m**2 - 20*m + 911. Determine u(22).
-13
Let k(v) = -v**2 + 797*v - 2400. Calculate k(3).
-18
Let k(b) = b**3 - 33*b**2 + 115*b + 15. Give k(29).
-14
Let o(x) = -2*x**3 - 95*x**2 + 57*x + 61. Determine o(-48).
-371
Let x(q) = q**3 - 45*q - 98. Determine x(-6).
-44
Let m(d) = 2*d**2 - 16*d + 158. Calculate m(8).
158
Let y(a) = a**3 + 39*a**2 - 127*a + 63. Calculate y(-42).
105
Let t(b) = b**3 - 10*b**2 - 72*b - 393. What is t(16)?
-9
Let b(a) = -a**2 - 25*a + 211. Give b(-30).
61
Let l(i) = 8*i**2 - 39*i - 43. Give l(6).
11
Let d(x) = 2*x**3 + 204*x**2 - 203*x + 298. Determine d(-103).
-11
Let r(y) = -4*y**2 - 44*y + 399. Determine r(6).
-9
Let g(w) = 9*w**3 - 26*w**2 - w + 7. What is g(3)?
13
Let k(y) = -2*y**2 - 12*y - 28. What is k(0)?
-28
Let r(l) = -l**2 - 246*l + 239. Give r(-247).
-8
Let w(l) = -657*l + 20361. What is w(31)?
-6
Let z(c) = -49*c + 2696. What is z(55)?
1
Let w(f) = -101*f + 443. Calculate w(0).
443
Let p(k) = -k**3 - 63*k**2 - 5*k - 211. What is p(-63)?
104
Let g(k) = -2*k**3 + k**2 + 13*k + 6. Calculate g(0).
6
Let k(a) = 2*a**2 + 11*a + 9. What is k(6)?
147
Let p(b) = 7*b**3 - 53*b**2 - 208. Give p(8).
-16
Let g(y) = -31*y + 256. Give g(6).
70
Let f(a) = -6*a**2 + 188*a - 436. Calculate f(29).
-30
Let u(k) = k**3 - 15*k**2 - 2*k + 507. Give u(9).
3
Let j(t) = 99*t - 232. Calculate j(7).
461
Let t(a) = -a**2 + 188*a - 7997. Give t(65).
-2
Let m(o) = -20*o**3 - 6*o**2 - 8*o - 1. Give m(-1).
21
Let f(l) = -269*l - 145. Give f(-4).
931
Let m(k) = k**3 + 20*k**2 - 73*k - 70. What is m(-23)?
22
Let g(u) = 2*u**2 + 234*u - 3094. Calculate g(12).
2
Let f(d) = 366*d + 3651. Determine f(-10).
-9
Let s(k) = -143*k + 271. Calculate s(3).
-158
Let h(v) = -7*v - 170. Determine h(-18).
-44
Let h(g) = 632*g + 5699. Give h(-9).
11
Let i(c) = -c**3 - 31*c**2 - 215*c + 111. What is i(-20)?
11
Let j(r) = -r**3 - 20*r**2 + r + 50. What is j(-20)?
30
Let d(p) = -247*p - 10894. Calculate d(-44).
-26
Let r(j) = 177*j**2 - 19467*j - 324. Determine r(110).
6
Let h(r) = -36*r - 179. Determine h(-15).
361
Let y(t) = -t**2 + 81*t + 149. Determine y(-2).
-17
Let l(z) = -38*z + 678. What is l(32)?
-538
Let b(o) = 1223*o - 3537. Give b(3).
132
Let o(c) = c**3 + 11*c**2 - 9*c + 102. Give o(-13).
-119
Let b(z) = 54*z + 52. Give b(-5).
-218
Let p(a) = 5*a**2 - 13*a + 11. What is p(2)?
5
Let d(z) = -72*z + 1962. Determine d(30).
-198
Let p(t) = t**2 - 65*t + 23. Calculate p(65).
23
Let g(v) = -11*v**2 - 153*v - 127. Give g(-13).
3
Let f(h) = -8*h**2 - 785*h + 7718. Calculate f(9).
5
Let o(s) = 53*s**2 + 482*s. What is o(-9)?
-45
Let y(i) = -i**2 + 20*i + 282. Determine y(-8).
58
Let y(d) = -d**3 - 14*d**2 - 28*d + 89. Give y(-5).
4
Let l(q) = 6*q**3 + 48*q**2 - 280*q + 74. Calculate l(-12).
-22
Let j(x) = -x**2 - 158*x + 1182. What is j(7)?
27
Let x(t) = -44*t - 3534. Give x(-80).
-14
Let x(d) = d**2 - 75*d + 646. Determine x(10).
-4
Let c(i) = -i**2 - 799*i - 5524. What is c(-7)?
20
Let g(v) = -100*v + 814. Determine g(8).
14
Let z(h) = h**2 + 43*h + 235. What is z(-6)?
13
Let a(f) = -3*f - 55. What is a(-41)?
68
Let z(t) = 22*t + 13. Give z(0).
13
Let p(o) = -956*o + 9566. Give p(10).
6
Let c(o) = 1975*o + 11876. Determine c(-6).
26
Let g(y) = -y**2 + 51*y - 597. Give g(31).
23
Let a(o) = 2*o**3 - 49*o**2 + 76*o - 11. Calculate a(23).
150
Let q(i) = 186*i - 16163. Give q(87).
19
Let s(b) = 2*b**2 + 4*b - 177. Give s(-11).
21
Let w(o) = 46*o - 859. Determine w(17).
-77
Let k(u) = 132*u + 1279. Calculate k(-10).
-41
Let n(i) = 4*i**2 - 58*i - 23. Give n(13).
-101
Let c(j) = 2*j**3 - 5*j**2 + 2*j. Calculate c(4).
56
Let t(c) = c**3 - 128*c**2 - 276*c + 2107. Give t(130).
27
Let w(n) = -152*n + 675. Give w(4).
67
Let f(i) = 5*i**2 + 16*i - 31. Determine f(-8).
161
Let u(b) = -17*b**3 + 357*b**2 + 4*b - 79. Calculate u(21).
5
Let b(v) = -v**3 + 2*v**2 - 2*v - 2. What is b(4)?
-42
Let k(a) = -6*a - 647. Determine k(45).
-917
Let f(z) = 94*z + 2545. Determine f(-28).
-87
Let j(m) = -m**3 - 11*m**2 + 13*m - 35. Determine j(-12).
-47
Let w(h) = -h**3 + 6*h**2 + 38*h + 245. Calculate w(12).
-163
Let o(b) = b**2 + 36*b - 6374. What is o(-100)?
26
Let w(j) = 110*j + 5188. Calculate w(-50).
-312
Let a(i) = -i**2 - 4*i + 2279. Determine a(-50).
-21
Let z(t) = -23*t**2 + 162*t + 12. Calculate z(6).
156
Let s(j) = 19*j**2 + 220*j - 651. Give s(3).
180
Let w(y) = -625*y - 48755. Determine w(-78).
-5
Let t(c) = -c**3 + 26*c**2 - 69*c + 74. What is t(23)?
74
Let b(x) = 13*x**2 - 166*x - 235. What is b(14)?
-11
Let r(f) = f**3 - 68*f**2 + 713*f + 2315. What is r(54)?
-7
Let u(j) = -3*j**2 + 90*j - 575. Give u(21).
-8
Let d(r) = r**3 - 12*r**2 + 29*r - 63. Calculate d(10).
27
Let y(m) = 66*m + 1172. Calculate y(-10).
512
Let v(u) = -40*u**2 - 32*u + 4. Calculate v(-3).
-260
Let r(j) = -3*j**2 - 437*j + 2762. Give r(6).
32
Let g(f) = -366*f - 1066. Calculate g(-3).
32
Let g(d) = d**3 + 5*d**2 + 21*d + 476. What is g(-8)?
116
Let j(v) = 29*v + 1663. Calculate j(-59).
-48
Let s(z) = -12*z**2 - 290*z + 43. Determine s(-24).
91
Let d(t) = 5*t**2 + 945*t + 1892. Give d(-2).
22
Let w(r) = -r**3 + 9*r**2 + 137*r - 10. Calculate w(17).
7
Let s(t) = -t**2 + 1414*t - 15493. Determine s(11).
-60
Let n(s) = 128*s - 131. What is n(1)?
-3
Let a(v) = -4*v**3 + 12*v**2 - 7*v + 22. What is a(5)?
-213
Let o(k) = 105*k**2 + 2630*k + 87. Determine o(-25).
-38
Let s(b) = 3*b**2 + 1735*b - 10449. Calculate s(6).
69
Let d(k) = 3915*k + 137019. Calculate d(-35).
-6
Let p(w) = -w**3 - 5*w**2 + 39*w + 59. Calculate p(-9).
32
Let p(o) = -4*o**3 - 38*o**2 + 15*o - 52. Determine p(-10).
-2
Let h(p) = -72*p - 5412. What is h(-75)?
-12
Let x(a) = 35*a**2 + 837*a - 31. What is x(-24)?
41
Let x(z) = 287*z + 818. What is x(-3)?
-43
Let i(z) = -12*z**2 + 28*z + 32. Determine i(-6).
-568
Let f(b) = 20*b + 57. Calculate f(-6).
-63
Let p(t) = 52*t - 2443. Determine p(47).
1
Let t(l) = -71*l - 15663. Calculate t(-219).
-114
Let t(a) = -2*a**3 + 6*a**2 - 30*a + 149. Calculate t(8).
-731
Let p(o) = o**3 - 3*o**2 - 32*o - 43. Calculate p(10).
337
Let p(m) = 3*m**3 + 9*m**2 - 10*m - 32. What is p(-3)?
-2
Let b(c) = 916*c - 6243. What is b(7)?
169
Let b(v) = 135*v - 677. Calculate b(5).
-2
Let a(n) = 5*n - 12. What is a(-1)?
-17
Let l(k) = -13*k + 200. Calculate l(12).
44
Let g(n) = 14*n + 721. Calculate g(-47).
63
Let a(f) = -f**3 - 47*f**2 + 121*f + 315. Determine a(4).
-17
Let j(s) = -3*s**2 + 171*s - 488. Calculate j(3).
-2
Let a(y) = y**3 + 32*y**2 + 254*y - 10. Give a(-15).
5
Let m(i) = -2*i**3 - 20*i**2 + 4*i + 62. Determine m(-10).
22
Let j(z) = -z**2 - 61*z + 1115. What is j(-71)?
405
Let m(r) = -26*r + 97. What is m(3)?
19
Let y(h) = -h**3 - 2*h**2 + 313*h + 919. Calculate y(-3).
-11
Let f(m) = -172*m + 7057. Determine f(41).
5
Let g(q) = 15*q**3 - 202*q**2 + 90*q + 2. Calculate g(13).
-11
Let j(b) = -80*b**2 + b + 2. What is j(-1)?
-79
Let x(q) = -4*q**3 - 23*q**2 + 8*q + 12. Determine x(-5).
-103
Let o(u) = -276*u + 1811. Determine o(7).
-121
Let c(b) = 29*b + 97. What is c(-3)?
10
Let s(h) = 20*h**2 + 323*h + 44. Give s(-16).
-4
Let d(u) = 114*u + 358. Calculate d(-3).
16
Let t(s) = -33*s + 405. Calculate t(13).
-24
Let k(a) = -266*a + 2574. Calculate k(10).
-86
Let m(o) = -4*o**2 - 2766*o + 11116. 